{"id":166,"date":"2021-03-17T14:37:07","date_gmt":"2021-03-17T14:37:07","guid":{"rendered":"https:\/\/progresuj.pl\/?page_id=166"},"modified":"2026-03-15T19:14:12","modified_gmt":"2026-03-15T19:14:12","slug":"psychoterapia","status":"publish","type":"page","link":"https:\/\/progresuj.pl\/index.php\/psychoterapia\/","title":{"rendered":"Centrum"},"content":{"rendered":"\n<p>Centrum Psychorozwoju Progres oferuje profesjonalne wsparcie terapeutyczne dla os\u00f3b doros\u0142ych. Naszym celem jest pomoc w lepszym rozumieniu siebie, pokonywaniu trudno\u015bci \u017cyciowych oraz rozwijaniu potencja\u0142u osobistego. Zapewniamy bezpieczn\u0105, \u017cyczliw\u0105 i poufn\u0105 przestrze\u0144, w kt\u00f3rej ka\u017cdy mo\u017ce otrzyma\u0107 wsparcie dopasowane do swoich potrzeb.<\/p>\n\n\n\n<p>Od 9 lat wspieramy naszych klient\u00f3w, oferuj\u0105c wsparcie w rozwoju osobistym.&nbsp;<\/p>\n\n\n\n<p>Centrum Psychorozwoju Progres to miejsce, w kt\u00f3rym \u0142\u0105czymy profesjonaln\u0105 wiedz\u0119 psychologiczn\u0105 z indywidualnym podej\u015bciem do ka\u017cdego klienta.<\/p>\n\n\n\n<p>Nieustannie si\u0119 rozwijamy, poszerzaj\u0105c nasz\u0105 wiedz\u0119 i doskonal\u0105c umiej\u0119tno\u015bci, aby zapewnia\u0107 pomoc na najwy\u017cszym poziomie. Regularnie uczestniczymy w szkoleniach, zdobywamy nowe kompetencje oraz uzyskujemy certyfikaty potwierdzaj\u0105ce nasze kwalifikacje. Dzi\u0119ki temu mo\u017cemy dzia\u0142a\u0107 jeszcze skuteczniej, oferuj\u0105c wsparcie oparte na aktualnej wiedzy, sprawdzonych metodach i profesjonalnym podej\u015bciu. Naszym celem jest zapewnienie fachowej i rzetelnej pomocy ka\u017cdej osobie, kt\u00f3ra jej potrzebuje.&nbsp;<\/p>\n","protected":false},"excerpt":{"rendered":"<p>Centrum Psychorozwoju Progres oferuje profesjonalne wsparcie terapeutyczne dla os\u00f3b doros\u0142ych. Naszym celem jest pomoc w lepszym rozumieniu siebie, pokonywaniu trudno\u015bci \u017cyciowych oraz rozwijaniu potencja\u0142u osobistego. Zapewniamy bezpieczn\u0105, \u017cyczliw\u0105 i poufn\u0105 przestrze\u0144, w kt\u00f3rej ka\u017cdy mo\u017ce otrzyma\u0107 wsparcie dopasowane do swoich potrzeb. Od 9 lat wspieramy naszych klient\u00f3w, oferuj\u0105c wsparcie w rozwoju osobistym.&nbsp; Centrum Psychorozwoju Progres [&hellip;]<\/p>\n","protected":false},"author":1,"featured_media":0,"parent":0,"menu_order":0,"comment_status":"closed","ping_status":"closed","template":"","meta":{"site-sidebar-layout":"default","site-content-layout":"","ast-site-content-layout":"default","site-content-style":"default","site-sidebar-style":"default","ast-global-header-display":"","ast-banner-title-visibility":"","ast-main-header-display":"","ast-hfb-above-header-display":"","ast-hfb-below-header-display":"","ast-hfb-mobile-header-display":"","site-post-title":"","ast-breadcrumbs-content":"","ast-featured-img":"","footer-sml-layout":"","ast-disable-related-posts":"","theme-transparent-header-meta":"","adv-header-id-meta":"","stick-header-meta":"","header-above-stick-meta":"","header-main-stick-meta":"","header-below-stick-meta":"","astra-migrate-meta-layouts":"default","ast-page-background-enabled":"default","ast-page-background-meta":{"desktop":{"background-color":"var(--ast-global-color-5)","background-image":"","background-repeat":"repeat","background-position":"center center","background-size":"auto","background-attachment":"scroll","background-type":"","background-media":"","overlay-type":"","overlay-color":"","overlay-opacity":"","overlay-gradient":""},"tablet":{"background-color":"","background-image":"","background-repeat":"repeat","background-position":"center center","background-size":"auto","background-attachment":"scroll","background-type":"","background-media":"","overlay-type":"","overlay-color":"","overlay-opacity":"","overlay-gradient":""},"mobile":{"background-color":"","background-image":"","background-repeat":"repeat","background-position":"center center","background-size":"auto","background-attachment":"scroll","background-type":"","background-media":"","overlay-type":"","overlay-color":"","overlay-opacity":"","overlay-gradient":""}},"ast-content-background-meta":{"desktop":{"background-color":"var(--ast-global-color-4)","background-image":"","background-repeat":"repeat","background-position":"center center","background-size":"auto","background-attachment":"scroll","background-type":"","background-media":"","overlay-type":"","overlay-color":"","overlay-opacity":"","overlay-gradient":""},"tablet":{"background-color":"var(--ast-global-color-4)","background-image":"","background-repeat":"repeat","background-position":"center center","background-size":"auto","background-attachment":"scroll","background-type":"","background-media":"","overlay-type":"","overlay-color":"","overlay-opacity":"","overlay-gradient":""},"mobile":{"background-color":"var(--ast-global-color-4)","background-image":"","background-repeat":"repeat","background-position":"center center","background-size":"auto","background-attachment":"scroll","background-type":"","background-media":"","overlay-type":"","overlay-color":"","overlay-opacity":"","overlay-gradient":""}},"footnotes":""},"class_list":["post-166","page","type-page","status-publish","hentry"],"_links":{"self":[{"href":"https:\/\/progresuj.pl\/index.php\/wp-json\/wp\/v2\/pages\/166","targetHints":{"allow":["GET"]}}],"collection":[{"href":"https:\/\/progresuj.pl\/index.php\/wp-json\/wp\/v2\/pages"}],"about":[{"href":"https:\/\/progresuj.pl\/index.php\/wp-json\/wp\/v2\/types\/page"}],"author":[{"embeddable":true,"href":"https:\/\/progresuj.pl\/index.php\/wp-json\/wp\/v2\/users\/1"}],"replies":[{"embeddable":true,"href":"https:\/\/progresuj.pl\/index.php\/wp-json\/wp\/v2\/comments?post=166"}],"version-history":[{"count":8,"href":"https:\/\/progresuj.pl\/index.php\/wp-json\/wp\/v2\/pages\/166\/revisions"}],"predecessor-version":[{"id":364,"href":"https:\/\/progresuj.pl\/index.php\/wp-json\/wp\/v2\/pages\/166\/revisions\/364"}],"wp:attachment":[{"href":"https:\/\/progresuj.pl\/index.php\/wp-json\/wp\/v2\/media?parent=166"}],"curies":[{"name":"wp","href":"https:\/\/api.w.org\/{rel}","templated":true}]}}